{"id":244,"date":"2019-04-08T10:31:30","date_gmt":"2019-04-08T08:31:30","guid":{"rendered":"http:\/\/www.plaza24.eu\/pogorzyce_wp\/?page_id=244"},"modified":"2019-04-08T10:36:57","modified_gmt":"2019-04-08T08:36:57","slug":"osp","status":"publish","type":"page","link":"http:\/\/pogorzyce.chrzanow.pl\/index.php\/osp\/","title":{"rendered":"OSP"},"content":{"rendered":"\n<p>W sierpniu 2001 roku, jako wynik troski mieszka\u0144c\u00f3w przed zagro\u017ceniami po\u017carowymi, powo\u0142any zosta\u0142 Komitet Za\u0142o\u017cycielski  Ochotniczej Stra\u017cy Po\u017carnej w Pogorzycach. W sk\u0142ad komitetu weszli: Stopi\u0144ski Roman, Garli\u0144ski Adam, Warecki Jan, Jarosz Piotr, \u0141owiec Zenon, Gugu\u0142a Zbigniew, Rzepka Marian.<\/p>\n\n\n\n<p>Zadaniem komitetu by\u0142o zarejestrowa\u0107 stowarzyszenie w s\u0105dzie. W dniu 19 grudnia 2001 roku zosta\u0142 z\u0142o\u017cony wniosek w sprawie rejestracji do S\u0105du Rejonowego Krak\u00f3w. W dniu 20 lutego 2002 roku s\u0105d dokona\u0142 wpisu do KRS stowarzyszenie pod nazw\u0105 Ochotnicza Stra\u017c Po\u017carna w Pogorzycach na czele , kt\u00f3rej stan\u0105\u0142 Rzepka Marian jako prezes. W listopadzie 2003 roku z bud\u017cetu Gminy otrzymali\u015bmy dotacj\u0119 na zakup pierwszego sprz\u0119tu i umundurowania przeciwpo\u017carowego. W grudniu 2003 roku zosta\u0142 przekazany w formie darowizny samoch\u00f3d marki \u017buk.<\/p>\n\n\n\n<p>W czasie swojego istnienia nasza jednostka bra\u0142a czynny udzia\u0142 w dzia\u0142aniach ratowniczo-ga\u015bniczych na terenie naszej gminy, jak r\u00f3wnie\u017c bra\u0142a udzia\u0142 w zawodach sportowo-po\u017carniczych.<br>\nPo wyborach w marcu 2010 roku, na nadzwyczajnym zebraniu zostaje wybrany nowy zarz\u0105d Ochotniczej Stra\u017cy Po\u017carnej w Pogorzycach gdzie na czele staje nowy prezes Tomasz Tyborowski. W maju bie\u017c\u0105cego roku wa\u017cnym dla funkcjonowania jednostki jest otrzymanie  nowego dla nas samochodu VW Transporter. Wtedy jednostka mo\u017ce dalej bra\u0107 czynny udzia\u0142 w akcjach ratowniczo-ga\u015bniczych, nie\u015b\u0107 pomoc spo\u0142eczno\u015bci. W tym te\u017c okresie w szeregi Ochotniczej Stra\u017cy Po\u017carnej w Pogorzycach wst\u0105pi\u0142o pi\u0119tnastu M\u0142odych ludzi chc\u0105cych nie\u015b\u0107 pomoc potrzebuj\u0105cym. Wtedy zostaje powo\u0142ana M\u0142odzie\u017cowa Dru\u017cyna Po\u017carnicza.<\/p>\n","protected":false},"excerpt":{"rendered":"<p>W sierpniu 2001 roku, jako wynik troski mieszka\u0144c\u00f3w przed zagro\u017ceniami po\u017carowymi, powo\u0142any zosta\u0142 Komitet Za\u0142o\u017cycielski Ochotniczej Stra\u017cy Po\u017carnej w Pogorzycach. W sk\u0142ad komitetu weszli: Stopi\u0144ski Roman, Garli\u0144ski Adam, Warecki Jan, Jarosz Piotr, \u0141owiec Zenon, Gugu\u0142a Zbigniew, Rzepka Marian. Zadaniem komitetu by\u0142o zarejestrowa\u0107 stowarzyszenie w s\u0105dzie. W dniu 19 grudnia 2001 roku zosta\u0142 z\u0142o\u017cony wniosek w [&hellip;]<\/p>\n","protected":false},"author":4,"featured_media":0,"parent":0,"menu_order":0,"comment_status":"closed","ping_status":"closed","template":"","meta":{"footnotes":""},"class_list":["post-244","page","type-page","status-publish","hentry"],"_links":{"self":[{"href":"http:\/\/pogorzyce.chrzanow.pl\/index.php\/wp-json\/wp\/v2\/pages\/244","targetHints":{"allow":["GET"]}}],"collection":[{"href":"http:\/\/pogorzyce.chrzanow.pl\/index.php\/wp-json\/wp\/v2\/pages"}],"about":[{"href":"http:\/\/pogorzyce.chrzanow.pl\/index.php\/wp-json\/wp\/v2\/types\/page"}],"author":[{"embeddable":true,"href":"http:\/\/pogorzyce.chrzanow.pl\/index.php\/wp-json\/wp\/v2\/users\/4"}],"replies":[{"embeddable":true,"href":"http:\/\/pogorzyce.chrzanow.pl\/index.php\/wp-json\/wp\/v2\/comments?post=244"}],"version-history":[{"count":2,"href":"http:\/\/pogorzyce.chrzanow.pl\/index.php\/wp-json\/wp\/v2\/pages\/244\/revisions"}],"predecessor-version":[{"id":252,"href":"http:\/\/pogorzyce.chrzanow.pl\/index.php\/wp-json\/wp\/v2\/pages\/244\/revisions\/252"}],"wp:attachment":[{"href":"http:\/\/pogorzyce.chrzanow.pl\/index.php\/wp-json\/wp\/v2\/media?parent=244"}],"curies":[{"name":"wp","href":"https:\/\/api.w.org\/{rel}","templated":true}]}}

<p>W sierpniu 2001 roku, jako wynik troski mieszkańców przed zagrożeniami pożarowymi, powołany został Komitet Założycielski  Ochotniczej Straży Pożarnej w Pogorzycach. W skład komitetu weszli: Stopiński Roman, Garliński Adam, Warecki Jan, Jarosz Piotr, Łowiec Zenon, Guguła Zbigniew, Rzepka Marian.</p>



<p>Zadaniem komitetu było zarejestrować stowarzyszenie w sądzie. W dniu 19 grudnia 2001 roku został złożony wniosek w sprawie rejestracji do Sądu Rejonowego Kraków. W dniu 20 lutego 2002 roku sąd dokonał wpisu do KRS stowarzyszenie pod nazwą Ochotnicza Straż Pożarna w Pogorzycach na czele , której stanął Rzepka Marian jako prezes. W listopadzie 2003 roku z budżetu Gminy otrzymaliśmy dotację na zakup pierwszego sprzętu i umundurowania przeciwpożarowego. W grudniu 2003 roku został przekazany w formie darowizny samochód marki Żuk.</p>



<p>W czasie swojego istnienia nasza jednostka brała czynny udział w działaniach ratowniczo-gaśniczych na terenie naszej gminy, jak również brała udział w zawodach sportowo-pożarniczych.<br>
Po wyborach w marcu 2010 roku, na nadzwyczajnym zebraniu zostaje wybrany nowy zarząd Ochotniczej Straży Pożarnej w Pogorzycach gdzie na czele staje nowy prezes Tomasz Tyborowski. W maju bieżącego roku ważnym dla funkcjonowania jednostki jest otrzymanie  nowego dla nas samochodu VW Transporter. Wtedy jednostka może dalej brać czynny udział w akcjach ratowniczo-gaśniczych, nieść pomoc społeczności. W tym też okresie w szeregi Ochotniczej Straży Pożarnej w Pogorzycach wstąpiło piętnastu Młodych ludzi chcących nieść pomoc potrzebującym. Wtedy zostaje powołana Młodzieżowa Drużyna Pożarnicza.</p>

<p>W sierpniu 2001 roku, jako wynik troski mieszkańców przed zagrożeniami pożarowymi, powołany został Komitet Założycielski Ochotniczej Straży Pożarnej w Pogorzycach. W skład komitetu weszli: Stopiński Roman, Garliński Adam, Warecki Jan, Jarosz Piotr, Łowiec Zenon, Guguła Zbigniew, Rzepka Marian. Zadaniem komitetu było zarejestrować stowarzyszenie w sądzie. W dniu 19 grudnia 2001 roku został złożony wniosek w [&hellip;]</p>
