{"id":191,"date":"2019-04-08T09:44:29","date_gmt":"2019-04-08T07:44:29","guid":{"rendered":"http:\/\/www.plaza24.eu\/pogorzyce_wp\/?page_id=191"},"modified":"2019-04-08T09:55:56","modified_gmt":"2019-04-08T07:55:56","slug":"trasa-rowerowa-3","status":"publish","type":"page","link":"http:\/\/pogorzyce.chrzanow.pl\/index.php\/trasa-rowerowa-3\/","title":{"rendered":"Trasa rowerowa 3"},"content":{"rendered":"\n<p>Trasa dla zaawansowanych- szlak zielony<\/p>\n\n\n\n<p>Szlak zielony- podjazd po \u017belatow\u0105 zaczynamy, wraz z czarnym szlakiem, p\u0142ask\u0105 utwardzon\u0105 drog\u0105 biegn\u0105c\u0105 na po\u0142udnie wzd\u0142u\u017c tor\u00f3w kolejowych, kt\u00f3ra po 300 m doprowadzi nas do ul. Ma\u0142opolskiej. Na asfaltow\u0105 ulic\u0119 skr\u0119camy w prawo, udaj\u0105c si\u0119 w kierunku kopalni \u017belatowa. Po 200 m skr\u0119camy w lewo, w le\u015bn\u0105 \u015bcie\u017ck\u0119 prowadz\u0105c\u0105 p\u0142asko przez Podstoki. Po 400 m jazdy przez las, przekraczamy ul. Bartnicz\u0105, kieruj\u0105c si\u0119 \u0142agodnym podjazdem na po\u0142udniowy zach\u00f3d. Kilometrowy odcinek prowadzi przez las mieszany, w kt\u00f3rym wraz ze zwi\u0119kszeniem si\u0119 wysoko\u015bci, zwi\u0119ksza si\u0119 przewaga drzew li\u015bciastych, zw\u0142aszcza buk\u00f3w. Po wjechaniu w szeroki pas buczyny skr\u0119camy w lewo, w drog\u0119 biegn\u0105c\u0105 stromo pod g\u00f3r\u0119 na prze\u0142\u0119cz pomi\u0119dzy \u017belatow\u0105 a Gorami. Skr\u0119caj\u0105c w lewo, na stromy podjazd le\u015bn\u0105 drog\u0105, rozstajemy si\u0119 na chwil\u0119 z czarnym szlakiem. 300-metrowy podjazd lasem i dalej taki sam odcinek p\u0142askiej drogi, doprowadzi nas, po skr\u0119cie na po\u0142udnie, do asfaltowej dr\u00f3\u017cki w Gorach Zag\u00f3rze. Tutaj po raz pierwszy spotykamy si\u0119 z niebieskim babickim szlakiem, kt\u00f3ry teraz cz\u0119sto b\u0119dzie nam towarzyszy\u0142, a\u017c pod zamek Lipowiec. Lekko pod g\u00f3r\u0119 prowadzi droga na otwart\u0105 platform\u0119 widokow\u0105 na ul. Ba\u0142uckiego. St\u0105d, z wysoko\u015bci prawie 400 m n.p.m., rozci\u0105gaj\u0105 si\u0119 rozleg\u0142e widoki, zar\u00f3wno na p\u00f3\u0142noc- w kierunku Chrzanowa i Trzebini, jak i na po\u0142udnie- w kierunku Bukowicy, Grodziska Wielkiego i zamku Lipowiec. Przy dobrej widoczno\u015bci mo\u017cna zobaczy\u0107 nawet Tatry i Beskidy.<br> Przeje\u017cd\u017caj\u0105c dalsze 0,5 km i lekko zje\u017cd\u017caj\u0105c w d\u00f3\u0142, u wylotu ul. Kili\u0144skiego zn\u00f3w spotykamy czarny szlak, prowadz\u0105cy tutaj z Zag\u00f3rza. W tym miejscu, po prawej stronie drogi mo\u017cemy podziwia\u0107 panoram\u0119 Pogorzyc oraz dalej na po\u0142udnie- widok na Grodzisko Wielkie i zamek Lipowiec. Po dalszym 0,5 km zje\u017adzie, znajdziemy si\u0119 ko\u0142o ma\u0142ego ko\u015bci\u00f3\u0142ka, w centrum Pogorzyc. Ko\u0142o przystanku przekraczamy ul. Szymanowskiego. Kierujemy si\u0119 na wsch\u00f3d, dalej na po\u0142udnie w d\u00f3\u0142 ul. Dembowskiego. Po 500 m droga asfaltowa wznosi si\u0119 ku g\u00f3rze i przechodzi w utwardzon\u0105, a nast\u0119pnie le\u015bn\u0105 drog\u0119. Przejechawszy 400 m, ju\u017c na p\u0142askim wzniesieniu G\u00f3ry Pog\u00f3rskiej, spotykamy ponownie niebieski szlak, kt\u00f3rym jedziemy pod Grodzisko Wielkie. Szczyt tego wzniesienia (380 m n.p.m.) porasta buczyna, z licznymi gatunkami storczyk\u00f3w, lili\u0105 z\u0142oto g\u0142\u00f3w, wawrzynkiem wilcze \u0142yko i bardzo rzadk\u0105 per\u0142\u00f3wk\u0105 jednokwiatow\u0105. W ni\u017cszych partiach Grodziska dominuje las mieszany, z przewag\u0105 drzew iglastych. Skr\u0119caj\u0105c na wsch\u00f3d, w w\u0105ski jar, ponownie rozstajemy si\u0119 z niebieskim szlakiem. Przez p\u00f3\u0142 kilometra droga prowadzi lasem w d\u00f3\u0142, w\u0105wozem w\u015br\u00f3d p\u00f3\u0142, by doprowadzi\u0107 przez P\u0142az\u0119 Doln\u0105 do Wygie\u0142zowa.  <\/p>\n\n\n\n<p><\/p>\n\n\n\n<div class=\"wp-block-image\"><figure class=\"aligncenter\"><img loading=\"lazy\" decoding=\"async\" width=\"418\" height=\"640\" src=\"http:\/\/www.plaza24.eu\/pogorzyce_wp\/wp-content\/uploads\/2019\/04\/004-2.jpg\" alt=\"\" class=\"wp-image-227\" srcset=\"http:\/\/pogorzyce.chrzanow.pl\/wp-content\/uploads\/2019\/04\/004-2.jpg 418w, http:\/\/pogorzyce.chrzanow.pl\/wp-content\/uploads\/2019\/04\/004-2-196x300.jpg 196w\" sizes=\"auto, (max-width: 418px) 100vw, 418px\" \/><\/figure><\/div>\n\n\n\n<div class=\"wp-block-image\"><figure class=\"aligncenter\"><img loading=\"lazy\" decoding=\"async\" width=\"429\" height=\"640\" src=\"http:\/\/www.plaza24.eu\/pogorzyce_wp\/wp-content\/uploads\/2019\/04\/007.jpg\" alt=\"\" class=\"wp-image-228\" srcset=\"http:\/\/pogorzyce.chrzanow.pl\/wp-content\/uploads\/2019\/04\/007.jpg 429w, http:\/\/pogorzyce.chrzanow.pl\/wp-content\/uploads\/2019\/04\/007-201x300.jpg 201w\" sizes=\"auto, (max-width: 429px) 100vw, 429px\" \/><\/figure><\/div>\n","protected":false},"excerpt":{"rendered":"<p>Trasa dla zaawansowanych- szlak zielony Szlak zielony- podjazd po \u017belatow\u0105 zaczynamy, wraz z czarnym szlakiem, p\u0142ask\u0105 utwardzon\u0105 drog\u0105 biegn\u0105c\u0105 na po\u0142udnie wzd\u0142u\u017c tor\u00f3w kolejowych, kt\u00f3ra po 300 m doprowadzi nas do ul. Ma\u0142opolskiej. Na asfaltow\u0105 ulic\u0119 skr\u0119camy w prawo, udaj\u0105c si\u0119 w kierunku kopalni \u017belatowa. Po 200 m skr\u0119camy w lewo, w le\u015bn\u0105 \u015bcie\u017ck\u0119 prowadz\u0105c\u0105 [&hellip;]<\/p>\n","protected":false},"author":4,"featured_media":0,"parent":0,"menu_order":0,"comment_status":"closed","ping_status":"closed","template":"","meta":{"footnotes":""},"class_list":["post-191","page","type-page","status-publish","hentry"],"_links":{"self":[{"href":"http:\/\/pogorzyce.chrzanow.pl\/index.php\/wp-json\/wp\/v2\/pages\/191","targetHints":{"allow":["GET"]}}],"collection":[{"href":"http:\/\/pogorzyce.chrzanow.pl\/index.php\/wp-json\/wp\/v2\/pages"}],"about":[{"href":"http:\/\/pogorzyce.chrzanow.pl\/index.php\/wp-json\/wp\/v2\/types\/page"}],"author":[{"embeddable":true,"href":"http:\/\/pogorzyce.chrzanow.pl\/index.php\/wp-json\/wp\/v2\/users\/4"}],"replies":[{"embeddable":true,"href":"http:\/\/pogorzyce.chrzanow.pl\/index.php\/wp-json\/wp\/v2\/comments?post=191"}],"version-history":[{"count":2,"href":"http:\/\/pogorzyce.chrzanow.pl\/index.php\/wp-json\/wp\/v2\/pages\/191\/revisions"}],"predecessor-version":[{"id":229,"href":"http:\/\/pogorzyce.chrzanow.pl\/index.php\/wp-json\/wp\/v2\/pages\/191\/revisions\/229"}],"wp:attachment":[{"href":"http:\/\/pogorzyce.chrzanow.pl\/index.php\/wp-json\/wp\/v2\/media?parent=191"}],"curies":[{"name":"wp","href":"https:\/\/api.w.org\/{rel}","templated":true}]}}

<p>Trasa dla zaawansowanych- szlak zielony</p>



<p>Szlak zielony- podjazd po Żelatową zaczynamy, wraz z czarnym szlakiem, płaską utwardzoną drogą biegnącą na południe wzdłuż torów kolejowych, która po 300 m doprowadzi nas do ul. Małopolskiej. Na asfaltową ulicę skręcamy w prawo, udając się w kierunku kopalni Żelatowa. Po 200 m skręcamy w lewo, w leśną ścieżkę prowadzącą płasko przez Podstoki. Po 400 m jazdy przez las, przekraczamy ul. Bartniczą, kierując się łagodnym podjazdem na południowy zachód. Kilometrowy odcinek prowadzi przez las mieszany, w którym wraz ze zwiększeniem się wysokości, zwiększa się przewaga drzew liściastych, zwłaszcza buków. Po wjechaniu w szeroki pas buczyny skręcamy w lewo, w drogę biegnącą stromo pod górę na przełęcz pomiędzy Żelatową a Gorami. Skręcając w lewo, na stromy podjazd leśną drogą, rozstajemy się na chwilę z czarnym szlakiem. 300-metrowy podjazd lasem i dalej taki sam odcinek płaskiej drogi, doprowadzi nas, po skręcie na południe, do asfaltowej dróżki w Gorach Zagórze. Tutaj po raz pierwszy spotykamy się z niebieskim babickim szlakiem, który teraz często będzie nam towarzyszył, aż pod zamek Lipowiec. Lekko pod górę prowadzi droga na otwartą platformę widokową na ul. Bałuckiego. Stąd, z wysokości prawie 400 m n.p.m., rozciągają się rozległe widoki, zarówno na północ- w kierunku Chrzanowa i Trzebini, jak i na południe- w kierunku Bukowicy, Grodziska Wielkiego i zamku Lipowiec. Przy dobrej widoczności można zobaczyć nawet Tatry i Beskidy.<br> Przejeżdżając dalsze 0,5 km i lekko zjeżdżając w dół, u wylotu ul. Kilińskiego znów spotykamy czarny szlak, prowadzący tutaj z Zagórza. W tym miejscu, po prawej stronie drogi możemy podziwiać panoramę Pogorzyc oraz dalej na południe- widok na Grodzisko Wielkie i zamek Lipowiec. Po dalszym 0,5 km zjeździe, znajdziemy się koło małego kościółka, w centrum Pogorzyc. Koło przystanku przekraczamy ul. Szymanowskiego. Kierujemy się na wschód, dalej na południe w dół ul. Dembowskiego. Po 500 m droga asfaltowa wznosi się ku górze i przechodzi w utwardzoną, a następnie leśną drogę. Przejechawszy 400 m, już na płaskim wzniesieniu Góry Pogórskiej, spotykamy ponownie niebieski szlak, którym jedziemy pod Grodzisko Wielkie. Szczyt tego wzniesienia (380 m n.p.m.) porasta buczyna, z licznymi gatunkami storczyków, lilią złoto głów, wawrzynkiem wilcze łyko i bardzo rzadką perłówką jednokwiatową. W niższych partiach Grodziska dominuje las mieszany, z przewagą drzew iglastych. Skręcając na wschód, w wąski jar, ponownie rozstajemy się z niebieskim szlakiem. Przez pół kilometra droga prowadzi lasem w dół, wąwozem wśród pół, by doprowadzić przez Płazę Dolną do Wygiełzowa.  </p>



<p></p>



<div class="wp-block-image"><figure class="aligncenter"><img loading="lazy" decoding="async" width="418" height="640" src="http://www.plaza24.eu/pogorzyce_wp/wp-content/uploads/2019/04/004-2.jpg" alt="" class="wp-image-227" srcset="http://pogorzyce.chrzanow.pl/wp-content/uploads/2019/04/004-2.jpg 418w, http://pogorzyce.chrzanow.pl/wp-content/uploads/2019/04/004-2-196x300.jpg 196w" sizes="auto, (max-width: 418px) 100vw, 418px" /></figure></div>



<div class="wp-block-image"><figure class="aligncenter"><img loading="lazy" decoding="async" width="429" height="640" src="http://www.plaza24.eu/pogorzyce_wp/wp-content/uploads/2019/04/007.jpg" alt="" class="wp-image-228" srcset="http://pogorzyce.chrzanow.pl/wp-content/uploads/2019/04/007.jpg 429w, http://pogorzyce.chrzanow.pl/wp-content/uploads/2019/04/007-201x300.jpg 201w" sizes="auto, (max-width: 429px) 100vw, 429px" /></figure></div>

<p>Trasa dla zaawansowanych- szlak zielony Szlak zielony- podjazd po Żelatową zaczynamy, wraz z czarnym szlakiem, płaską utwardzoną drogą biegnącą na południe wzdłuż torów kolejowych, która po 300 m doprowadzi nas do ul. Małopolskiej. Na asfaltową ulicę skręcamy w prawo, udając się w kierunku kopalni Żelatowa. Po 200 m skręcamy w lewo, w leśną ścieżkę prowadzącą [&hellip;]</p>
