{"id":189,"date":"2019-04-08T09:44:29","date_gmt":"2019-04-08T07:44:29","guid":{"rendered":"http:\/\/www.plaza24.eu\/pogorzyce_wp\/?page_id=189"},"modified":"2019-04-08T09:53:18","modified_gmt":"2019-04-08T07:53:18","slug":"trasa-rowerowa-1","status":"publish","type":"page","link":"http:\/\/pogorzyce.chrzanow.pl\/index.php\/trasa-rowerowa-1\/","title":{"rendered":"Trasa rowerowa 1"},"content":{"rendered":"\n<p><strong>Trasa popularna &#8211; szlak czerwony<\/strong><\/p>\n\n\n\n<p>Pogorzyce mo\u017cemy zwiedza\u0107 na rowerze po wytyczonych trasach rowerowych. Przez Pogorzyce przechodzi Trasa popularna \u2013 szlak czerwony. To propozycja niezbyt m\u0119cz\u0105cych wycieczek. Przeznaczone s\u0105 dla szerokiego grona rowerzyst\u00f3w, pragn\u0105cych odby\u0107 ciekaw\u0105 wycieczk\u0119, \u0142\u0105cz\u0105c\u0105 walory poznawcze, z daj\u0105cym zadowolenie , umiarkowanym wysi\u0142kiem fizycznym. D\u0142ugo\u015b\u0107 szlaku czerwonego wynosi 29 km. Rozpoczyna si\u0119 pod Domem Kultury w Chrzanowie, biegn\u0105ca przez ul. Sienkiewicz, potem ul. Bali\u0144sk\u0105, K\u0105ty, dolin\u0105 Chech\u0142a, Stella i widok na \u017belazow\u0105 i ul. Pogorsk\u0105- \u0142\u0105cz\u0105ca Pogorzyce z Chrzanowem. Potem jedziemy le\u015bn\u0105 drog\u0105, prowadz\u0105c\u0105 do ogr\u00f3dk\u00f3w dzia\u0142kowych, jedziemy lasem wzd\u0142u\u017c dzia\u0142ek i kierujemy si\u0119 w stron\u0119 osiedla Po\u0142udnie, a dalej do centrum Chrzanowa.<\/p>\n\n\n\n<div class=\"wp-block-image\"><figure class=\"aligncenter\"><img loading=\"lazy\" decoding=\"async\" width=\"418\" height=\"640\" src=\"http:\/\/www.plaza24.eu\/pogorzyce_wp\/wp-content\/uploads\/2019\/04\/004.jpg\" alt=\"\" class=\"wp-image-221\" srcset=\"http:\/\/pogorzyce.chrzanow.pl\/wp-content\/uploads\/2019\/04\/004.jpg 418w, http:\/\/pogorzyce.chrzanow.pl\/wp-content\/uploads\/2019\/04\/004-196x300.jpg 196w\" sizes=\"auto, (max-width: 418px) 100vw, 418px\" \/><\/figure><\/div>\n\n\n\n<div class=\"wp-block-image\"><figure class=\"aligncenter\"><img loading=\"lazy\" decoding=\"async\" width=\"480\" height=\"532\" src=\"http:\/\/www.plaza24.eu\/pogorzyce_wp\/wp-content\/uploads\/2019\/04\/005.jpg\" alt=\"\" class=\"wp-image-222\" srcset=\"http:\/\/pogorzyce.chrzanow.pl\/wp-content\/uploads\/2019\/04\/005.jpg 480w, http:\/\/pogorzyce.chrzanow.pl\/wp-content\/uploads\/2019\/04\/005-271x300.jpg 271w\" sizes=\"auto, (max-width: 480px) 100vw, 480px\" \/><\/figure><\/div>\n","protected":false},"excerpt":{"rendered":"<p>Trasa popularna &#8211; szlak czerwony Pogorzyce mo\u017cemy zwiedza\u0107 na rowerze po wytyczonych trasach rowerowych. Przez Pogorzyce przechodzi Trasa popularna \u2013 szlak czerwony. To propozycja niezbyt m\u0119cz\u0105cych wycieczek. Przeznaczone s\u0105 dla szerokiego grona rowerzyst\u00f3w, pragn\u0105cych odby\u0107 ciekaw\u0105 wycieczk\u0119, \u0142\u0105cz\u0105c\u0105 walory poznawcze, z daj\u0105cym zadowolenie , umiarkowanym wysi\u0142kiem fizycznym. D\u0142ugo\u015b\u0107 szlaku czerwonego wynosi 29 km. Rozpoczyna si\u0119 [&hellip;]<\/p>\n","protected":false},"author":4,"featured_media":0,"parent":0,"menu_order":0,"comment_status":"closed","ping_status":"closed","template":"","meta":{"footnotes":""},"class_list":["post-189","page","type-page","status-publish","hentry"],"_links":{"self":[{"href":"http:\/\/pogorzyce.chrzanow.pl\/index.php\/wp-json\/wp\/v2\/pages\/189","targetHints":{"allow":["GET"]}}],"collection":[{"href":"http:\/\/pogorzyce.chrzanow.pl\/index.php\/wp-json\/wp\/v2\/pages"}],"about":[{"href":"http:\/\/pogorzyce.chrzanow.pl\/index.php\/wp-json\/wp\/v2\/types\/page"}],"author":[{"embeddable":true,"href":"http:\/\/pogorzyce.chrzanow.pl\/index.php\/wp-json\/wp\/v2\/users\/4"}],"replies":[{"embeddable":true,"href":"http:\/\/pogorzyce.chrzanow.pl\/index.php\/wp-json\/wp\/v2\/comments?post=189"}],"version-history":[{"count":2,"href":"http:\/\/pogorzyce.chrzanow.pl\/index.php\/wp-json\/wp\/v2\/pages\/189\/revisions"}],"predecessor-version":[{"id":223,"href":"http:\/\/pogorzyce.chrzanow.pl\/index.php\/wp-json\/wp\/v2\/pages\/189\/revisions\/223"}],"wp:attachment":[{"href":"http:\/\/pogorzyce.chrzanow.pl\/index.php\/wp-json\/wp\/v2\/media?parent=189"}],"curies":[{"name":"wp","href":"https:\/\/api.w.org\/{rel}","templated":true}]}}

<p><strong>Trasa popularna &#8211; szlak czerwony</strong></p>



<p>Pogorzyce możemy zwiedzać na rowerze po wytyczonych trasach rowerowych. Przez Pogorzyce przechodzi Trasa popularna – szlak czerwony. To propozycja niezbyt męczących wycieczek. Przeznaczone są dla szerokiego grona rowerzystów, pragnących odbyć ciekawą wycieczkę, łączącą walory poznawcze, z dającym zadowolenie , umiarkowanym wysiłkiem fizycznym. Długość szlaku czerwonego wynosi 29 km. Rozpoczyna się pod Domem Kultury w Chrzanowie, biegnąca przez ul. Sienkiewicz, potem ul. Balińską, Kąty, doliną Chechła, Stella i widok na Żelazową i ul. Pogorską- łącząca Pogorzyce z Chrzanowem. Potem jedziemy leśną drogą, prowadzącą do ogródków działkowych, jedziemy lasem wzdłuż działek i kierujemy się w stronę osiedla Południe, a dalej do centrum Chrzanowa.</p>



<div class="wp-block-image"><figure class="aligncenter"><img loading="lazy" decoding="async" width="418" height="640" src="http://www.plaza24.eu/pogorzyce_wp/wp-content/uploads/2019/04/004.jpg" alt="" class="wp-image-221" srcset="http://pogorzyce.chrzanow.pl/wp-content/uploads/2019/04/004.jpg 418w, http://pogorzyce.chrzanow.pl/wp-content/uploads/2019/04/004-196x300.jpg 196w" sizes="auto, (max-width: 418px) 100vw, 418px" /></figure></div>



<div class="wp-block-image"><figure class="aligncenter"><img loading="lazy" decoding="async" width="480" height="532" src="http://www.plaza24.eu/pogorzyce_wp/wp-content/uploads/2019/04/005.jpg" alt="" class="wp-image-222" srcset="http://pogorzyce.chrzanow.pl/wp-content/uploads/2019/04/005.jpg 480w, http://pogorzyce.chrzanow.pl/wp-content/uploads/2019/04/005-271x300.jpg 271w" sizes="auto, (max-width: 480px) 100vw, 480px" /></figure></div>

<p>Trasa popularna &#8211; szlak czerwony Pogorzyce możemy zwiedzać na rowerze po wytyczonych trasach rowerowych. Przez Pogorzyce przechodzi Trasa popularna – szlak czerwony. To propozycja niezbyt męczących wycieczek. Przeznaczone są dla szerokiego grona rowerzystów, pragnących odbyć ciekawą wycieczkę, łączącą walory poznawcze, z dającym zadowolenie , umiarkowanym wysiłkiem fizycznym. Długość szlaku czerwonego wynosi 29 km. Rozpoczyna się [&hellip;]</p>
