{"id":185,"date":"2019-04-08T09:44:29","date_gmt":"2019-04-08T07:44:29","guid":{"rendered":"http:\/\/www.plaza24.eu\/pogorzyce_wp\/?page_id=185"},"modified":"2019-04-08T09:49:59","modified_gmt":"2019-04-08T07:49:59","slug":"kaplica-matki-bozej-z-dzieciatkiem-i-najswietszego-serca-jezusa","status":"publish","type":"page","link":"http:\/\/pogorzyce.chrzanow.pl\/index.php\/kaplica-matki-bozej-z-dzieciatkiem-i-najswietszego-serca-jezusa\/","title":{"rendered":"Kaplica Matki Bo\u017cej z Dzieci\u0105tkiem i Naj\u015bwi\u0119tszego serca Jezusa"},"content":{"rendered":"\n<p>\n\nKaplica murowana typu domkowego, stoi&nbsp; w centrum wsi. Ma kszta\u0142t ma\u0142ego ko\u015bci\u00f3\u0142ka z umieszczon\u0105 na fasadzie dat\u0105 \u2013 1874. Jest to data jej powstania. W tym miejscu istnia\u0142a dawniej inna, starsza kapliczka, ale brak jest o niej wzmianek&nbsp; w aktach parafialnych Ko\u015bcielca, zachowanych od lat dwudziestych XIX w. Wed\u0142ug opowiada\u0144 przekazywanych przez starszych mieszka\u0144c\u00f3w, stara kapliczka zosta\u0142a wzniesiona, kiedy w okolicy panowa\u0142a epidemia cholery. W 1876 r. pleban ko\u015bcielecki prosi\u0142 w\u0142adze diecezjalne o zezwolenie na odprawianie w kaplicy mszy \u015bwi\u0119tych i informowa\u0142, \u017ce nowa kaplica wzniesiona i ozdobiona staraniem Jana i Marii Turczy\u0144skich zast\u0105pi\u0142a dawn\u0105, ufundowan\u0105 przez mieszka\u0144c\u00f3w Pogorzyc.&nbsp;<br>Prostok\u0105tna, tynkowana kaplica z p\u00f3\u0142kolist\u0105 apsyd\u0105 wyr\u00f3\u017cnia si\u0119 starann\u0105, kamienn\u0105 fasad\u0105. Na dachu znajduje si\u0119 sygnaturka z \u017celiwnym krzy\u017cem i dzwonkiem, kt\u00f3rym dawniej dzwoniono na Anio\u0142 Pa\u0144ski. Szczyt fasady zdobi\u0105 kamienne rze\u017aby \u015bwi\u0119tych Piotra i Paw\u0142a, kt\u00f3re wymagaj\u0105 konserwacji. Dwa boczne okna s\u0105 p\u00f3\u0142koliste, z ozdobnymi, drewnianymi skrzyd\u0142ami. Obok nich kamienna kropielnica, a u g\u00f3ry- w zaszklonej wn\u0119ce-znajduje si\u0119 polichromowana niegdy\u015b rze\u017aba, Pieta. Wewn\u0105trz umieszczony jest neogotycki o\u0142tarzyk z wizerunkiem Matki Bo\u017cej z Dzieci\u0105tkiem. Obraz ten umieszczany jest wymiennie, poprzez u\u017cycie specjalnej d\u017awigni na korb\u0119, z drugim wizerunkiem- Naj\u015bwi\u0119tszego Serca Pana Jezusa. O\u0142tarz zdobi tak\u017ce drewniany krzy\u017c&nbsp; z porcelanow\u0105 pasyjk\u0105 Chrystusa i dwoma Mariami oraz gipsowa figurka Matki Bo\u017cej z Lourdes. Wzd\u0142u\u017c \u015bcian stoj\u0105 drewniane \u0142awki z umieszczonym obok starym sztandarem. Jest to prawdopodobnie sztandar z roku 1935, o kt\u00f3rym jest zmianka w kronice parafii \u015bw. Jana w Ko\u015bcielcu.&nbsp; W kronice tej w zapiskach z 1951 r. znajdujemy te\u017c informacj\u0119, ze corocznie w kaplicy odprawia\u0142o si\u0119 od Wielkanocy do listopada msze \u015bwi\u0119te. Odprawiano tu tak\u017ce nabo\u017ce\u0144stwa majowe. Po wojnie s\u0142u\u017cy\u0142a r\u00f3wnie\u017c jako punkt katechetyczny. Wn\u0119trze zosta\u0142o niedawno odnowione- kaplica posiada instalacj\u0119 elektryczn\u0105. Od frontu jest ogrodzona. Obok rosn\u0105 dwa wiekowe drzewa.<br><\/p>\n","protected":false},"excerpt":{"rendered":"<p>Kaplica murowana typu domkowego, stoi&nbsp; w centrum wsi. Ma kszta\u0142t ma\u0142ego ko\u015bci\u00f3\u0142ka z umieszczon\u0105 na fasadzie dat\u0105 \u2013 1874. Jest to data jej powstania. W tym miejscu istnia\u0142a dawniej inna, starsza kapliczka, ale brak jest o niej wzmianek&nbsp; w aktach parafialnych Ko\u015bcielca, zachowanych od lat dwudziestych XIX w. Wed\u0142ug opowiada\u0144 przekazywanych przez starszych mieszka\u0144c\u00f3w, stara [&hellip;]<\/p>\n","protected":false},"author":4,"featured_media":0,"parent":0,"menu_order":0,"comment_status":"closed","ping_status":"closed","template":"","meta":{"footnotes":""},"class_list":["post-185","page","type-page","status-publish","hentry"],"_links":{"self":[{"href":"http:\/\/pogorzyce.chrzanow.pl\/index.php\/wp-json\/wp\/v2\/pages\/185","targetHints":{"allow":["GET"]}}],"collection":[{"href":"http:\/\/pogorzyce.chrzanow.pl\/index.php\/wp-json\/wp\/v2\/pages"}],"about":[{"href":"http:\/\/pogorzyce.chrzanow.pl\/index.php\/wp-json\/wp\/v2\/types\/page"}],"author":[{"embeddable":true,"href":"http:\/\/pogorzyce.chrzanow.pl\/index.php\/wp-json\/wp\/v2\/users\/4"}],"replies":[{"embeddable":true,"href":"http:\/\/pogorzyce.chrzanow.pl\/index.php\/wp-json\/wp\/v2\/comments?post=185"}],"version-history":[{"count":2,"href":"http:\/\/pogorzyce.chrzanow.pl\/index.php\/wp-json\/wp\/v2\/pages\/185\/revisions"}],"predecessor-version":[{"id":218,"href":"http:\/\/pogorzyce.chrzanow.pl\/index.php\/wp-json\/wp\/v2\/pages\/185\/revisions\/218"}],"wp:attachment":[{"href":"http:\/\/pogorzyce.chrzanow.pl\/index.php\/wp-json\/wp\/v2\/media?parent=185"}],"curies":[{"name":"wp","href":"https:\/\/api.w.org\/{rel}","templated":true}]}}

Kaplica Matki Bożej z Dzieciątkiem i Najświętszego serca Jezusa

<p>

Kaplica murowana typu domkowego, stoi&nbsp; w centrum wsi. Ma kształt małego kościółka z umieszczoną na fasadzie datą – 1874. Jest to data jej powstania. W tym miejscu istniała dawniej inna, starsza kapliczka, ale brak jest o niej wzmianek&nbsp; w aktach parafialnych Kościelca, zachowanych od lat dwudziestych XIX w. Według opowiadań przekazywanych przez starszych mieszkańców, stara kapliczka została wzniesiona, kiedy w okolicy panowała epidemia cholery. W 1876 r. pleban kościelecki prosił władze diecezjalne o zezwolenie na odprawianie w kaplicy mszy świętych i informował, że nowa kaplica wzniesiona i ozdobiona staraniem Jana i Marii Turczyńskich zastąpiła dawną, ufundowaną przez mieszkańców Pogorzyc.&nbsp;<br>Prostokątna, tynkowana kaplica z półkolistą apsydą wyróżnia się staranną, kamienną fasadą. Na dachu znajduje się sygnaturka z żeliwnym krzyżem i dzwonkiem, którym dawniej dzwoniono na Anioł Pański. Szczyt fasady zdobią kamienne rzeźby świętych Piotra i Pawła, które wymagają konserwacji. Dwa boczne okna są półkoliste, z ozdobnymi, drewnianymi skrzydłami. Obok nich kamienna kropielnica, a u góry- w zaszklonej wnęce-znajduje się polichromowana niegdyś rzeźba, Pieta. Wewnątrz umieszczony jest neogotycki ołtarzyk z wizerunkiem Matki Bożej z Dzieciątkiem. Obraz ten umieszczany jest wymiennie, poprzez użycie specjalnej dźwigni na korbę, z drugim wizerunkiem- Najświętszego Serca Pana Jezusa. Ołtarz zdobi także drewniany krzyż&nbsp; z porcelanową pasyjką Chrystusa i dwoma Mariami oraz gipsowa figurka Matki Bożej z Lourdes. Wzdłuż ścian stoją drewniane ławki z umieszczonym obok starym sztandarem. Jest to prawdopodobnie sztandar z roku 1935, o którym jest zmianka w kronice parafii św. Jana w Kościelcu.&nbsp; W kronice tej w zapiskach z 1951 r. znajdujemy też informację, ze corocznie w kaplicy odprawiało się od Wielkanocy do listopada msze święte. Odprawiano tu także nabożeństwa majowe. Po wojnie służyła również jako punkt katechetyczny. Wnętrze zostało niedawno odnowione- kaplica posiada instalację elektryczną. Od frontu jest ogrodzona. Obok rosną dwa wiekowe drzewa.<br></p>

<p>Kaplica murowana typu domkowego, stoi&nbsp; w centrum wsi. Ma kształt małego kościółka z umieszczoną na fasadzie datą – 1874. Jest to data jej powstania. W tym miejscu istniała dawniej inna, starsza kapliczka, ale brak jest o niej wzmianek&nbsp; w aktach parafialnych Kościelca, zachowanych od lat dwudziestych XIX w. Według opowiadań przekazywanych przez starszych mieszkańców, stara [&hellip;]</p>
