{"id":184,"date":"2019-04-08T09:44:29","date_gmt":"2019-04-08T07:44:29","guid":{"rendered":"http:\/\/www.plaza24.eu\/pogorzyce_wp\/?page_id=184"},"modified":"2019-04-08T09:49:08","modified_gmt":"2019-04-08T07:49:08","slug":"dwor","status":"publish","type":"page","link":"http:\/\/pogorzyce.chrzanow.pl\/index.php\/dwor\/","title":{"rendered":"Dw\u00f3r"},"content":{"rendered":"\n<figure class=\"wp-block-image\"><img loading=\"lazy\" decoding=\"async\" width=\"576\" height=\"800\" src=\"http:\/\/www.plaza24.eu\/pogorzyce_wp\/wp-content\/uploads\/2019\/04\/okladka001.jpg\" alt=\"\" class=\"wp-image-216\" srcset=\"http:\/\/pogorzyce.chrzanow.pl\/wp-content\/uploads\/2019\/04\/okladka001.jpg 576w, http:\/\/pogorzyce.chrzanow.pl\/wp-content\/uploads\/2019\/04\/okladka001-216x300.jpg 216w\" sizes=\"auto, (max-width: 576px) 100vw, 576px\" \/><\/figure>\n\n\n\n<p>Tylko \u015blady przetrwa\u0142y po zespole folwarczno- dworskim w Pogorzycach. Zesp\u00f3\u0142 ten istnia\u0142 w  ko\u0144cu XVII wieku, gdy w\u0142a\u015bcicielem dworu by\u0142 J\u00f3zef Borz\u0119cki. Jeden z kolejnych w\u0142a\u015bcicieli , baron J\u00f3zef Hadziewicz (wzgl\u0119dnie Chadziewicz), popad\u0142 w d\u0142ugi, w wyniku czego jego maj\u0105tek wystawiono w 1837 roku na licytacj\u0119. Wed\u0142ug opisu z 1835 roku dw\u00f3r by\u0142 budynkiem parterowym, drewnianym i na podmurowaniu, otynkowanym zewn\u0105trz i wewn\u0105trz. Mia\u0142 pi\u0119\u0107 pokoi, kuchni\u0119 i sie\u0144; wn\u0119trza mieszkalne nakryte by\u0142y sufitami \u201egipsowymi\u201d (zapewne ze sztukatorskimi dekoracjami). W sk\u0142ad \u00f3wczesnego zespo\u0142u dworskiego wchodzi\u0142a drewniana zabudowa gospodarcza, murowana stajnia i murowana stodo\u0142a. Plan katastrofalny z roku 1848 notuje w zespole dworskim zabudow\u0119 murowan\u0105 i drewnian\u0105, o nieregularnym uk\u0142adzie, skupion\u0105 wok\u00f3\u0142 podw\u00f3rza gospodarczego, w obr\u0119bie kt\u00f3rego znajdowa\u0142 si\u0119 staw. Og\u00f3lne rozplanowanie zespo\u0142u przetrwa\u0142o zasadniczo do dzisiaj. <br>\nKolejnymi  w\u0142a\u015bcicielami dworu by\u0142a rodzina Mieroszewskich ,  kt\u00f3rzy byli w\u0142a\u015bcicielami Chrzanowa i okolicznych miejscowo\u015bci a\u017c do XX wieku. <br>\n Po wojnie budynek zosta\u0142 przej\u0119ty przez pa\u0144stwo, gdzie zaniedbany i nie remontowany  stopniowo niszcza\u0142 i popada\u0142 w ruin\u0119. Dopiero po 2000 roku decyzj\u0105 samorz\u0105du zosta\u0142 odremontowany i obecnie znajduj\u0105 si\u0119 w nim mieszkania socjalne.<\/p>\n\n\n\n<p>Bibliografia:<\/p>\n\n\n\n<ol class=\"wp-block-list\"><li>Chrzan\u00f3w. Studia z dziej\u00f3w miasta tom II. Chrzan\u00f3w wsp\u00f3\u0142czesny cz. 1, s. 343<\/li><li>P\u0119ckowski J.: Chrzan\u00f3w. Miasto powiatowe w wojew\u00f3dztwie krakowskiem, s.34<\/li><\/ol>\n","protected":false},"excerpt":{"rendered":"<p>Tylko \u015blady przetrwa\u0142y po zespole folwarczno- dworskim w Pogorzycach. Zesp\u00f3\u0142 ten istnia\u0142 w ko\u0144cu XVII wieku, gdy w\u0142a\u015bcicielem dworu by\u0142 J\u00f3zef Borz\u0119cki. Jeden z kolejnych w\u0142a\u015bcicieli , baron J\u00f3zef Hadziewicz (wzgl\u0119dnie Chadziewicz), popad\u0142 w d\u0142ugi, w wyniku czego jego maj\u0105tek wystawiono w 1837 roku na licytacj\u0119. Wed\u0142ug opisu z 1835 roku dw\u00f3r by\u0142 budynkiem parterowym, [&hellip;]<\/p>\n","protected":false},"author":4,"featured_media":0,"parent":0,"menu_order":0,"comment_status":"closed","ping_status":"closed","template":"","meta":{"footnotes":""},"class_list":["post-184","page","type-page","status-publish","hentry"],"_links":{"self":[{"href":"http:\/\/pogorzyce.chrzanow.pl\/index.php\/wp-json\/wp\/v2\/pages\/184","targetHints":{"allow":["GET"]}}],"collection":[{"href":"http:\/\/pogorzyce.chrzanow.pl\/index.php\/wp-json\/wp\/v2\/pages"}],"about":[{"href":"http:\/\/pogorzyce.chrzanow.pl\/index.php\/wp-json\/wp\/v2\/types\/page"}],"author":[{"embeddable":true,"href":"http:\/\/pogorzyce.chrzanow.pl\/index.php\/wp-json\/wp\/v2\/users\/4"}],"replies":[{"embeddable":true,"href":"http:\/\/pogorzyce.chrzanow.pl\/index.php\/wp-json\/wp\/v2\/comments?post=184"}],"version-history":[{"count":2,"href":"http:\/\/pogorzyce.chrzanow.pl\/index.php\/wp-json\/wp\/v2\/pages\/184\/revisions"}],"predecessor-version":[{"id":217,"href":"http:\/\/pogorzyce.chrzanow.pl\/index.php\/wp-json\/wp\/v2\/pages\/184\/revisions\/217"}],"wp:attachment":[{"href":"http:\/\/pogorzyce.chrzanow.pl\/index.php\/wp-json\/wp\/v2\/media?parent=184"}],"curies":[{"name":"wp","href":"https:\/\/api.w.org\/{rel}","templated":true}]}}

Dwór

<figure class="wp-block-image"><img loading="lazy" decoding="async" width="576" height="800" src="http://www.plaza24.eu/pogorzyce_wp/wp-content/uploads/2019/04/okladka001.jpg" alt="" class="wp-image-216" srcset="http://pogorzyce.chrzanow.pl/wp-content/uploads/2019/04/okladka001.jpg 576w, http://pogorzyce.chrzanow.pl/wp-content/uploads/2019/04/okladka001-216x300.jpg 216w" sizes="auto, (max-width: 576px) 100vw, 576px" /></figure>



<p>Tylko ślady przetrwały po zespole folwarczno- dworskim w Pogorzycach. Zespół ten istniał w  końcu XVII wieku, gdy właścicielem dworu był Józef Borzęcki. Jeden z kolejnych właścicieli , baron Józef Hadziewicz (względnie Chadziewicz), popadł w długi, w wyniku czego jego majątek wystawiono w 1837 roku na licytację. Według opisu z 1835 roku dwór był budynkiem parterowym, drewnianym i na podmurowaniu, otynkowanym zewnątrz i wewnątrz. Miał pięć pokoi, kuchnię i sień; wnętrza mieszkalne nakryte były sufitami „gipsowymi” (zapewne ze sztukatorskimi dekoracjami). W skład ówczesnego zespołu dworskiego wchodziła drewniana zabudowa gospodarcza, murowana stajnia i murowana stodoła. Plan katastrofalny z roku 1848 notuje w zespole dworskim zabudowę murowaną i drewnianą, o nieregularnym układzie, skupioną wokół podwórza gospodarczego, w obrębie którego znajdował się staw. Ogólne rozplanowanie zespołu przetrwało zasadniczo do dzisiaj. <br>
Kolejnymi  właścicielami dworu była rodzina Mieroszewskich ,  którzy byli właścicielami Chrzanowa i okolicznych miejscowości aż do XX wieku. <br>
 Po wojnie budynek został przejęty przez państwo, gdzie zaniedbany i nie remontowany  stopniowo niszczał i popadał w ruinę. Dopiero po 2000 roku decyzją samorządu został odremontowany i obecnie znajdują się w nim mieszkania socjalne.</p>



<p>Bibliografia:</p>



<ol class="wp-block-list"><li>Chrzanów. Studia z dziejów miasta tom II. Chrzanów współczesny cz. 1, s. 343</li><li>Pęckowski J.: Chrzanów. Miasto powiatowe w województwie krakowskiem, s.34</li></ol>

<p>Tylko ślady przetrwały po zespole folwarczno- dworskim w Pogorzycach. Zespół ten istniał w końcu XVII wieku, gdy właścicielem dworu był Józef Borzęcki. Jeden z kolejnych właścicieli , baron Józef Hadziewicz (względnie Chadziewicz), popadł w długi, w wyniku czego jego majątek wystawiono w 1837 roku na licytację. Według opisu z 1835 roku dwór był budynkiem parterowym, [&hellip;]</p>
