{"id":144,"date":"2019-04-08T09:03:00","date_gmt":"2019-04-08T07:03:00","guid":{"rendered":"http:\/\/www.plaza24.eu\/pogorzyce_wp\/?page_id=144"},"modified":"2022-12-30T11:53:26","modified_gmt":"2022-12-30T10:53:26","slug":"ulice","status":"publish","type":"page","link":"http:\/\/pogorzyce.chrzanow.pl\/index.php\/ulice\/","title":{"rendered":"Ulice"},"content":{"rendered":"\n<p>wykaz ulic w Pogorzycach:<\/p>\n\n\n\n<ol class=\"wp-block-list\"><li>Akacjowa <\/li><li>\u0141ukasza G\u00f3rnickiego <\/li><li>Ma\u0142opolska <\/li><li>Genera\u0142a J\u00f3zefa Sowi\u0144skiego<\/li><li>Micha\u0142a Ba\u0142uckiego <\/li><li>Grodzisko <\/li><li>Piaszczysta <\/li><li>Stawowa<\/li><li>Norberta Barlickiego <\/li><li>Stefana Jaracza <\/li><li>Podgrodzie <\/li><li>Karola Szymanowskiego<\/li><li>Bartnicza <\/li><li>Pu\u0142kownika Jana Kili\u0144skiego <\/li><li>Pogodna <\/li><li>Wapienna<\/li><li>Cyprysowa <\/li><li>Koralowa <\/li><li>Por\u0119ba <\/li><li>Zaciszna<\/li><li>Edwarda Dembowskiego <\/li><li>Kosynier\u00f3w <\/li><li>Poziomkowa <\/li><li>Zielna<\/li><li>Dymna <\/li><li>Kumal\u00f3wka <\/li><li>Przy Torach<\/li><li>Gajowa <\/li><li>Majowa <\/li><li>Rolnicza<\/li><\/ol>\n","protected":false},"excerpt":{"rendered":"<p>wykaz ulic w Pogorzycach: Akacjowa \u0141ukasza G\u00f3rnickiego Ma\u0142opolska Genera\u0142a J\u00f3zefa Sowi\u0144skiego Micha\u0142a Ba\u0142uckiego Grodzisko Piaszczysta Stawowa Norberta Barlickiego Stefana Jaracza Podgrodzie Karola Szymanowskiego Bartnicza Pu\u0142kownika Jana Kili\u0144skiego Pogodna Wapienna Cyprysowa Koralowa Por\u0119ba Zaciszna Edwarda Dembowskiego Kosynier\u00f3w Poziomkowa Zielna Dymna Kumal\u00f3wka Przy Torach Gajowa Majowa Rolnicza<\/p>\n","protected":false},"author":4,"featured_media":0,"parent":0,"menu_order":0,"comment_status":"closed","ping_status":"closed","template":"","meta":{"footnotes":""},"class_list":["post-144","page","type-page","status-publish","hentry"],"_links":{"self":[{"href":"http:\/\/pogorzyce.chrzanow.pl\/index.php\/wp-json\/wp\/v2\/pages\/144","targetHints":{"allow":["GET"]}}],"collection":[{"href":"http:\/\/pogorzyce.chrzanow.pl\/index.php\/wp-json\/wp\/v2\/pages"}],"about":[{"href":"http:\/\/pogorzyce.chrzanow.pl\/index.php\/wp-json\/wp\/v2\/types\/page"}],"author":[{"embeddable":true,"href":"http:\/\/pogorzyce.chrzanow.pl\/index.php\/wp-json\/wp\/v2\/users\/4"}],"replies":[{"embeddable":true,"href":"http:\/\/pogorzyce.chrzanow.pl\/index.php\/wp-json\/wp\/v2\/comments?post=144"}],"version-history":[{"count":4,"href":"http:\/\/pogorzyce.chrzanow.pl\/index.php\/wp-json\/wp\/v2\/pages\/144\/revisions"}],"predecessor-version":[{"id":477,"href":"http:\/\/pogorzyce.chrzanow.pl\/index.php\/wp-json\/wp\/v2\/pages\/144\/revisions\/477"}],"wp:attachment":[{"href":"http:\/\/pogorzyce.chrzanow.pl\/index.php\/wp-json\/wp\/v2\/media?parent=144"}],"curies":[{"name":"wp","href":"https:\/\/api.w.org\/{rel}","templated":true}]}}