{"id":10,"date":"2019-03-25T11:04:39","date_gmt":"2019-03-25T10:04:39","guid":{"rendered":"http:\/\/www.plaza24.eu\/pogorzyce_wp\/?page_id=10"},"modified":"2019-03-25T13:31:30","modified_gmt":"2019-03-25T12:31:30","slug":"stolectwo","status":"publish","type":"page","link":"http:\/\/pogorzyce.chrzanow.pl\/index.php\/stolectwo\/","title":{"rendered":"Sto\u0142ectwo"},"content":{"rendered":"\n<p>Szczeg\u00f3\u0142y&nbsp;Poprawiono:&nbsp;24 lipiec 2012\tOds\u0142ony:&nbsp;2804<\/p>\n\n\n\n<p>Pogorzyce s\u0105 jednym z sze\u015bciu so\u0142ectw wchodz\u0105cych w sk\u0142ad&nbsp; Chrzan\u00f3w. Powierzchnia so\u0142ectwa wynosi 615 ha. Pogorzyce po\u0142o\u017cone s\u0105 w po\u0142udniowej cz\u0119\u015bci gminy Chrzan\u00f3w i granicz\u0105 z so\u0142ectwem Zag\u00f3rze, P\u0142aza, \u0179rebce oraz osiedlem Borowiec.<\/p>\n\n\n\n<p>Pogorzyce po\u0142o\u017cone s\u0105 w obr\u0119bie Bloku P\u0142azia\u0144skiego, w terenie obj\u0119tym Zespo\u0142em Jurajskich Park\u00f3w Krajobrazowych. Jest to obszar bardzo malowniczy.<\/p>\n\n\n\n<p>Z Pogorzyc rozpo\u015bcieraj\u0105 si\u0119 ciekawe widoki na Lipowiec, Dolin\u0119 Wis\u0142y, dalej panoram\u0119 Beskidu, a przy dobrej pogodzie mo\u017cna zobaczy\u0107 Tatry.<br>Wie\u015b ma charakter ulic\u00f3wki w stylu wiejsko-podmiejskim, rozrastaj\u0105cej si\u0119 wzd\u0142u\u017c drogi z Chrzanowa do P\u0142azy (ul. Szymanowskiego).<\/p>\n","protected":false},"excerpt":{"rendered":"<p>Szczeg\u00f3\u0142y&nbsp;Poprawiono:&nbsp;24 lipiec 2012 Ods\u0142ony:&nbsp;2804 Pogorzyce s\u0105 jednym z sze\u015bciu so\u0142ectw wchodz\u0105cych w sk\u0142ad&nbsp; Chrzan\u00f3w. Powierzchnia so\u0142ectwa wynosi 615 ha. Pogorzyce po\u0142o\u017cone s\u0105 w po\u0142udniowej cz\u0119\u015bci gminy Chrzan\u00f3w i granicz\u0105 z so\u0142ectwem Zag\u00f3rze, P\u0142aza, \u0179rebce oraz osiedlem Borowiec. Pogorzyce po\u0142o\u017cone s\u0105 w obr\u0119bie Bloku P\u0142azia\u0144skiego, w terenie obj\u0119tym Zespo\u0142em Jurajskich Park\u00f3w Krajobrazowych. Jest to obszar bardzo [&hellip;]<\/p>\n","protected":false},"author":4,"featured_media":0,"parent":0,"menu_order":0,"comment_status":"closed","ping_status":"closed","template":"","meta":{"footnotes":""},"class_list":["post-10","page","type-page","status-publish","hentry"],"_links":{"self":[{"href":"http:\/\/pogorzyce.chrzanow.pl\/index.php\/wp-json\/wp\/v2\/pages\/10","targetHints":{"allow":["GET"]}}],"collection":[{"href":"http:\/\/pogorzyce.chrzanow.pl\/index.php\/wp-json\/wp\/v2\/pages"}],"about":[{"href":"http:\/\/pogorzyce.chrzanow.pl\/index.php\/wp-json\/wp\/v2\/types\/page"}],"author":[{"embeddable":true,"href":"http:\/\/pogorzyce.chrzanow.pl\/index.php\/wp-json\/wp\/v2\/users\/4"}],"replies":[{"embeddable":true,"href":"http:\/\/pogorzyce.chrzanow.pl\/index.php\/wp-json\/wp\/v2\/comments?post=10"}],"version-history":[{"count":2,"href":"http:\/\/pogorzyce.chrzanow.pl\/index.php\/wp-json\/wp\/v2\/pages\/10\/revisions"}],"predecessor-version":[{"id":130,"href":"http:\/\/pogorzyce.chrzanow.pl\/index.php\/wp-json\/wp\/v2\/pages\/10\/revisions\/130"}],"wp:attachment":[{"href":"http:\/\/pogorzyce.chrzanow.pl\/index.php\/wp-json\/wp\/v2\/media?parent=10"}],"curies":[{"name":"wp","href":"https:\/\/api.w.org\/{rel}","templated":true}]}}